e q(23).
-35
Let x(s) = -3047*s - 82219. Determine x(-27).
50
Let f(o) = 2*o**3 - 90*o**2 + 730*o - 742. What is f(9)?
-4
Let a(d) = -d**3 - 267*d**2 - 768*d + 1. Determine a(-3).
-71
Let c(r) = 427*r - 22632. Give c(53).
-1
Let k(b) = b**2 - 11*b - 751. Determine k(-16).
-319
Let z(p) = -9*p**2 - 191*p - 941. Give z(-12).
55
Let x(t) = 11*t**3 - 1277*t**2 - 1170*t - 155. Give x(117).
-155
Let y(j) = -67448*j + 472133. What is y(7)?
-3
Let h(n) = 124*n**2 - 107251*n - 7784. Calculate h(865).
1
Let i(d) = -13*d**3 + 752*d**2 - 1928*d + 118562. Give i(58).
10
Let p(f) = -f**3 + 26*f**2 - 122*f + 29. Give p(8).
205
Let j(u) = 12*u - 534. Determine j(-24).
-822
Let n(w) = -2*w**2 + 151*w - 2402. What is n(22)?
-48
Let k(v) = -531*v + 3915. Calculate k(7).
198
Let t(l) = -l**2 + 1654*l - 279451. Calculate t(191).
-18
Let a(f) = -f**3 - 28967*f**2 - 173764*f + 8. What is a(-6)?
-4
Let b(x) = x**3 + 36*x**2 - 129*x + 56. Give b(5).
436
Let p(v) = 15*v**2 - 222*v + 162. Calculate p(15).
207
Let m(a) = -7*a**2 - 979*a - 2810. Determine m(-137).
-70
Let o(m) = -7*m**2 - 433*m - 3291. Give o(-53).
-5
Let v(k) = k**3 + 359*k**2 + 5924*k - 182245. Calculate v(-340).
-5
Let y(x) = -x**3 - 46*x - 215. Give y(-6).
277
Let w(x) = -2623*x - 327863. Calculate w(-125).
12
Let m(q) = 920*q - 2833. Give m(3).
-73
Let m(f) = f**2 + 319*f - 4451. Determine m(14).
211
Let r(m) = -808*m + 47661. Determine r(59).
-11
Let l(p) = -275*p - 9390. What is l(-34)?
-40
Let k(n) = -9*n**3 + 70*n**2 + 172*n - 1293. Give k(8).
-45
Let f(j) = -j**3 - 359*j**2 + 2191*j + 1088. Give f(-365).
723
Let j(z) = 102981*z + 1544669. Give j(-15).
-46
Let o(z) = -z**2 - 4*z + 87. Give o(28).
-809
Let g(u) = -u**3 + 71*u**2 - 759*u + 53897. Calculate g(71).
8
Let v(j) = j**3 - 66*j**2 - 669*j - 274. Calculate v(75).
176
Let u(v) = -37*v**2 + 236*v + 1708. Calculate u(-8).
-2548
Let a(l) = -432561*l + 3892938. Determine a(9).
-111
Let m(j) = j**2 - 1861*j + 229846. Determine m(133).
22
Let f(v) = -247688*v + 2476873. Calculate f(10).
-7
Let p(k) = -5*k**3 + 7*k**2 - 845*k - 8516. Determine p(-10).
5634
Let m(x) = -150*x + 13909. What is m(93)?
-41
Let t(b) = -b**3 - 29*b**2 + 103*b - 741. What is t(-33)?
216
Let l(n) = 31773*n - 222386. Determine l(7).
25
Let g(t) = -47*t**2 - 596*t - 604. Give g(-1).
-55
Let x(v) = -4*v**2 + 10309*v + 134615. Give x(-13).
-78
Let r(d) = 36*d**3 + 139*d**2 - 64*d + 8. Calculate r(-6).
-2380
Let t(l) = -l**3 + 217*l**2 - 455*l + 5372. Give t(215).
-3
Let r(l) = 2*l**2 - 281*l - 302. Calculate r(0).
-302
Let o(g) = -2*g**2 + 7738*g + 615684. What is o(-78)?
-48
Let c(b) = b**3 + 15*b**2 + 264*b + 4487. Calculate c(-16).
7
Let j(f) = -139*f - 346. Determine j(2).
-624
Let k(f) = -4878*f - 9764. Give k(-2).
-8
Let m(n) = -286*n - 3296. What is m(-12)?
136
Let h(y) = 187*y**2 - 1702*y + 65. What is h(9)?
-106
Let f(w) = -93558*w + 561171. Determine f(6).
-177
Let p(c) = -795*c - 2563. Determine p(-6).
2207
Let z(p) = -506*p + 156998. What is z(310)?
138
Let w(l) = 1828*l - 555682. Calculate w(304).
30
Let c(r) = -27*r**3 + 49*r**2 - 184*r + 9. Give c(4).
-1671
Let g(y) = 2*y**2 - 27*y - 151411. Determine g(282).
23
Let f(b) = -2*b**3 - 140*b**2 - 23*b - 324. Calculate f(-70).
1286
Let o(d) = -d**2 + 9351*d - 1946. Calculate o(0).
-1946
Let q(i) = 284*i + 59144. Determine q(-208).
72
Let j(l) = 4575*l - 128985. Determine j(28).
-885
Let n(x) = -4*x**3 + 62*x**2 - 2316*x + 34287. Give n(15).
-3
Let i(b) = -249*b + 2469. Give i(5).
1224
Let i(r) = 10011*r + 280030. Determine i(-28).
-278
Let l(r) = 5*r**2 - 24*r + 136. Calculate l(-11).
1005
Let t(q) = -3*q**3 - 9*q**2 - 19*q + 125. Give t(4).
-287
Let n(z) = 20*z**2 - 1255*z - 21. What is n(0)?
-21
Let m(d) = -3*d**3 - 1150*d**2 - 559*d - 67400. What is m(-383)?
8
Let y(q) = -19536*q - 58833. Give y(-3).
-225
Let m(w) = -3*w**3 + w**2 + 1278*w + 1277. What is m(-1)?
3
Let d(z) = z**3 + 503*z**2 + 11039*z - 12. Determine d(-23).
11
Let o(m) = -m**3 - 38*m**2 - 26*m + 718. Calculate o(0).
718
Let c(q) = -32*q**2 + 430*q + 727. Calculate c(15).
-23
Let w(d) = -410*d**2 + 1387*d + 1001. Give w(4).
-11
Let d(n) = 2*n**3 - 45*n**2 - 1673*n + 38137. Determine d(23).
187
Let c(i) = -2*i**2 + 278*i + 8905. Calculate c(166).
-59
Let n(y) = -2*y**3 - 36*y**2 - 516*y - 7227. What is n(-16)?
5
Let o(w) = 9*w**2 - 425*w + 89. What is o(47)?
-5
Let j(v) = 3*v**2 - 201*v + 3357. Give j(33).
-9
Let c(y) = 423860*y + 7205612. Determine c(-17).
-8
Let x(v) = 51*v**3 - v**2 + 13*v - 80. Calculate x(0).
-80
Let q(x) = -221*x + 12474. Determine q(57).
-123
Let q(r) = 26596*r - 8563916. What is q(322)?
-4
Let y(g) = 7*g**2 - 12982*g - 183124. Determine y(-14).
-4
Let a(d) = d**3 + 5*d**2 - 186*d - 1154. What is a(-6)?
-74
Let l(g) = 2*g**2 - 420*g - 15528. What is l(-32)?
-40
Let c(f) = 2*f**2 + 8188*f - 148049. Determine c(18).
-17
Let i(g) = 2*g**3 + 36*g**2 - 500*g + 145. Calculate i(9).
19
Let o(l) = 1004224*l - 17071805. Determine o(17).
3
Let i(u) = -u**3 + 293*u**2 - 21444*u + 5279. Calculate i(139).
-3
Let w(c) = -3*c**2 + 892923*c - 9821781. Calculate w(11).
9
Let q(p) = -114*p + 2509. Calculate q(12).
1141
Let k(t) = -1597*t + 18432. Give k(11).
865
Let q(d) = -19*d**3 + 305*d**2 + 249*d + 880. What is q(17)?
-89
Let f(w) = -2211*w - 99467. What is f(-45)?
28
Let v(i) = i**2 + 19796*i + 97. What is v(0)?
97
Let b(z) = 5826*z - 21243. Give b(3).
-3765
Let y(w) = -w**3 - 76*w**2 + 151*w - 1084. What is y(-78)?
-694
Let l(j) = -17765*j + 355315. Determine l(20).
15
Let n(o) = -75*o**2 + 1541*o - 4. What is n(17)?
4518
Let w(r) = 4066*r + 223. Calculate w(0).
223
Let o(q) = 2*q**2 + 653*q + 15395. Calculate o(-306).
2849
Let h(k) = -640*k - 15874. What is h(-23)?
-1154
Let j(d) = -11*d**2 + 2718*d - 261. Determine j(247).
-14
Let d(s) = 135822*s - 543262. Calculate d(4).
26
Let t(o) = o**3 - 8*o**2 - 2520*o + 29671. What is t(12)?
7
Let r(t) = -6722*t - 1841930. Give r(-274).
-102
Let j(n) = 10232*n - 368317. Give j(36).
35
Let k(i) = -32282*i + 258673. Give k(8).
417
Let s(o) = 631*o - 362287. Give s(576).
1169
Let r(p) = 7*p**3 + 20*p**2 - 298*p + 887. What is r(10)?
6907
Let t(m) = 979786*m + 5878699. Give t(-6).
-17
Let m(z) = -7336*z + 124717. What is m(17)?
5
Let b(r) = -15*r**3 - 224*r**2 + 6*r - 82. What is b(-15)?
53
Let a(c) = -c**3 - 490*c**2 - 50420*c + 309. Give a(-343).
-34
Let p(w) = -70*w**2 - 23658*w + 699. Determine p(-338).
23
Let j(s) = 20607*s - 824284. Determine j(40).
-4
Let d(y) = y**3 - 19*y**2 + 102*y - 606. Calculate d(15).
24
Let c(m) = 570*m + 46590. Determine c(-81).
420
Let y(g) = -77208*g - 154291. Determine y(-2).
125
Let j(m) = m**3 + 212825*m**2 + 7873158*m + 67. What is j(-37)?
-7
Let p(t) = -t**3 + 231*t**2 - 3830*t - 848. Calculate p(213).
4
Let w(a) = -32*a**3 - 2014*a**2 + 123*a - 168. What is w(-63)?
21
Let n(a) = -5*a**2 - 47*a - 23. Give n(6).
-485
Let d(k) = 42*k**2 - 80*k + 430. What is d(6)?
1462
Let s(m) = 12*m**3 + 5068*m**2 + 1670*m - 7698. Determine s(-422).
-102
Let g(n) = -8*n**2 - 247*n - 559. Calculate g(-32).
-847
Let z(o) = 3148*o - 72330. Determine z(23).
74
Let t(z) = -z**3 - 356*z**2 + 4796*z - 543. Determine t(-369).
-174
Let m(v) = -74*v**2 + 4688*v + 3355. What is m(64)?
283
Let w(b) = -3*b**2 + 4894*b + 267804. What is w(-53)?
-5
Let w(m) = 3480*m - 73467. Determine w(21).
-387
Let m(g) = -2805*g - 813450. What is m(-290)?
0
Let u(l) = -3*l**2 + 19*l + 763. What is u(18)?
133
Let o(g) = g**3 - 504*g**2 + 737*g - 117726. Calculate o(503).
-24
Let n(g) = -50236*g - 366. Give n(0).
-366
Let v(n) = -158*n**3 - 2*n**2 - 15*n - 10. Calculate v(-3).
4283
Let o(j) = -1961*j + 29410. Determine o(15).
-5
Let f(b) = -184*b**2 + 30349*b + 1826. Determine f(165).
11
Let s(c) = -2947*c + 13964. Give s(5).
-771
Let i(y) = -6363*y + 1965. Calculate i(1).
-4398
Let z(k) = 5*k**2 + 436*k + 8901. Determine z(-57).
294
Let s(w) = -3454*w + 93302. What is s(27)?
44
Let t(f) = -9*f**2 + 127*f - 259. What is t(5)?
151
Let t(k) = -3*k**3 - 33*k**2 - 856*k - 8231. What is t(-10)?
29
Let h(i) = 105*i**2 - 869*i + 255. What is h(8)?
23
Let t(p) = 1116*p + 315334. Give t(-283).
-494
Let w(g) = -7*g**3 + 5*g**2 - 57*g - 71. Give w(-6).
1963
Let u(v) = 2*v**3 - 93*v**2 - 6544*v - 50. Calculate u(